and r.
1
Let s(j) = -3*j + 1 + j + j. Let i be s(-9). Suppose 2*v - v - 30 = 0. Calculate the highest common divisor of v and i.
10
Let b = 2 - -4. What is the highest common factor of 9 and b?
3
Let a = -37 - -52. Calculate the highest common factor of a and 60.
15
Suppose i - 5*t = -13, -4*i = -4*t - 6 - 6. Calculate the greatest common divisor of 7 and i.
7
Let f be 54/(-21) - 15/35. Let i(v) = -v**2 - 3*v + 1. Let j be i(f). What is the highest common factor of 3 and j?
1
Suppose 6*z = z + 245. Calculate the greatest common divisor of z and 7.
7
Let l be (-72)/(-3)*4/6. Calculate the highest common divisor of 16 and l.
16
Suppose 6*u - u = 70. Calculate the greatest common divisor of 2 and u.
2
Suppose 0 = 3*y - 5*y + 414. What is the greatest common divisor of y and 9?
9
Let w be -3*(2/(-5) + (-57)/45). Calculate the greatest common factor of 40 and w.
5
Let k = 17 + -12. Let s = 24 - -35. Let d = -34 + s. Calculate the greatest common divisor of d and k.
5
Let l(g) = g**2 - 2*g + 2. Let i be l(2). Suppose -4 = -i*b + 2. Let u be -2 - (-3)/b*5. Calculate the highest common factor of u and 12.
3
Let z(y) = y**2 - y. Let j be z(6). Let p = j - 18. Calculate the greatest common factor of 24 and p.
12
Let l(r) = 2*r + 91. Let o be l(-23). What is the highest common factor of 18 and o?
9
Suppose h = 3*d - 47 - 64, 5*h = -15. Suppose 0 = 4*q - 3*q - 6. Let b be 3*(-4)/q + 14. Calculate the greatest common divisor of b and d.
12
Let l(i) = 6*i**2 - 2. Let p(z) = z + 5. Let g be p(-13). Let u be 14/g - (-2)/(-8). Let t be l(u). What is the greatest common divisor of 110 and t?
22
Let n = 5 + 13. Suppose -62 = -4*u + 118. What is the highest common factor of n and u?
9
Let n = 4 - -1. Suppose -122 = -h - n*m - 23, 0 = 5*h + m - 423. Suppose 116 = 4*f - h. Calculate the highest common divisor of 10 and f.
10
Let w(u) = -17*u + 2. Let y be w(-1). Calculate the greatest common factor of 152 and y.
19
Let p be (-4)/(-10) - (-3)/(75/2615). Let v = 46 - 25. What is the greatest common factor of p and v?
21
Let y(t) = 2*t**3 - 7*t**2 - 7*t - 4. Let z be y(7). Suppose -2*d = g - z, g = -3*d - 3*g + 445. Let r = 23 - 10. What is the highest common divisor of d and r?
13
Let g = -2 + 3. Let x(t) be the first derivative of -t**4/4 + 2*t**3 - 2*t**2 - t + 1. Let b be x(5). Calculate the highest common factor of b and g.
1
Let p be (-2)/(-3) + (-32)/(-6). Suppose 3*w - 39 - 42 = 0. Suppose -3*g + 0 = c - 12, -4*g + w = 5*c. Calculate the highest common factor of p and g.
3
Let p(o) = 2*o**2 - o - 4. Let n = -7 - -11. Let s be p(n). What is the highest common divisor of s and 4?
4
Let x(k) = 22*k**2 + 2*k + 1. Let n be x(3). What is the greatest common divisor of 41 and n?
41
Suppose 0 = -3*r + 165 + 45. Let q be (4 + -60)*(-2)/4. Calculate the greatest common divisor of r and q.
14
Suppose -4*y = 4*w + 3 - 131, -5*y - 10 = 0. Let g(x) = 7*x - 4. Suppose -3 = -v - 0. Let b be g(v). What is the highest common divisor of b and w?
17
Suppose 3*z + z - 77 = 3*b, z - 2*b = 18. Let v be (-15)/(-5) + (3 - -14). What is the greatest common divisor of z and v?
20
Let m be ((-44)/(-10))/(2/5). Calculate the greatest common factor of m and 44.
11
Suppose -2*m + 0*m = -70. Let h = m + -24. Let p(u) = -u + 6. Let r be p(5). Calculate the highest common divisor of h and r.
1
Let m(n) = 6*n**2 - 4. Let g be m(-3). Calculate the highest common factor of 10 and g.
10
Let j = 7 + -2. Let l be (-154)/(-10) - (-3)/j. What is the highest common divisor of 64 and l?
16
Let c be 4/6*(44 + -2). Suppose -3*j = -2 - 4. Suppose -20 = -7*l + j*l. What is the greatest common divisor of l and c?
4
Let k be 541/11 - 6/33. Suppose 0 = -5*r + b + 598, 4*r - b - 429 = k. What is the highest common factor of 20 and r?
20
Suppose 7*l - 6*l - 4 = 0. Let h = -10 - -23. Let i = -1 + h. What is the greatest common factor of i and l?
4
Let v be 2817/63 - 4/(-14). What is the highest common divisor of 9 and v?
9
Let b be 1/(-1) - 18/(-2). Let a(l) = l**3 - 8*l**2 + l + 5. Let m be a(b). Calculate the highest common divisor of 117 and m.
13
Suppose 3*p + 24 = 3*o + 4*p, o - 13 = -2*p. Let m(q) = 6*q**2 - q - 1. Let n = -4 + 6. Let s be m(n). Calculate the greatest common divisor of s and o.
7
Suppose -3*m = 2*m + 270. Let v be m/(-15)*10/3. Calculate the highest common factor of 60 and v.
12
Let k(z) = -11*z - 1. Let c be k(-1). Suppose 4*m + 0*m + 2*d = 318, -156 = -2*m - 4*d. What is the greatest common divisor of m and c?
10
Let p(g) = 6 + 14*g - 4*g**2 + 3*g**2 + 0*g**2. Let f be (10 - 1) + -3 + 1. Let u be p(f). Calculate the highest common divisor of u and 11.
11
Let n be ((-1)/(-3))/((9/2484)/1). What is the highest common divisor of 230 and n?
46
Suppose 0 = 3*g - 4*g + 30. What is the greatest common divisor of g and 5?
5
Let q(u) = -17*u + 6. Let w be q(-2). Suppose -5*r + 4*o = -96, 4*o - 74 = -5*r + 30. Calculate the greatest common divisor of w and r.
20
Let c = -62 + 68. Calculate the highest common divisor of 3 and c.
3
Let j be 1 + 0 - (-2 + 6). Let a = j + 10. What is the highest common divisor of 77 and a?
7
Let b = 18 - 7. Suppose -2*i = -2*c - 8 + 2, 3*c = i - b. Let j be 104 - (i + 1)/2. Calculate the highest common divisor of 13 and j.
13
Let o be 1 + -14*(2 + 0). Let w = o + 102. What is the greatest common factor of 15 and w?
15
Let i(b) be the second derivative of -b**5/20 - b**4/3 - b**3/3 + 4*b**2 + 5*b. Let z be i(-4). Calculate the highest common divisor of z and 16.
16
Let i be 0/1 + 0 + 1. Suppose -17 + i = -4*y. Let j be (-4 - 1)/((-1)/4). What is the greatest common factor of j and y?
4
Suppose -3*c + 3*i = 2*c - 645, -2*c + 3*i = -267. What is the highest common divisor of 36 and c?
18
Let m be (-27)/(-2 - (-2 + 1)). Let g(o) = 9*o**2 + o + 1. Let i be -5 - (-2 + (-4)/2). Let d be g(i). What is the highest common factor of m and d?
9
Suppose 11 - 37 = -2*z. Calculate the greatest common divisor of z and 52.
13
Let o(w) = -25*w**3 - 5*w**2 - 10*w. Let x be o(-2). Calculate the highest common divisor of 8 and x.
8
Suppose 5*p - 26 = -2*i, 0*i = -p - 3*i. Suppose 3*g - 12 = 2*g. Calculate the highest common divisor of p and g.
6
Suppose 347 = 10*n - 313. Calculate the greatest common factor of n and 99.
33
Let n(s) = -s**2 - 2*s + 6. Let h be n(0). What is the highest common factor of h and 4?
2
Let i be (36/8)/((-6)/(-16)). Suppose -4*x + 2*x + 6 = -4*s, i = 4*x + 5*s. Suppose -19 = -x*g + 17. Calculate the highest common divisor of g and 108.
12
Let j = -18 + 37. Suppose -3*t - 2*t + 95 = 0. What is the greatest common divisor of j and t?
19
Suppose 3*d = -0 + 6. Let c = 2 + d. Suppose -3*o - 211 = -3*m - m, c*m - 206 = 2*o. Calculate the greatest common factor of m and 7.
7
Suppose -2*b + 115 = -5*q, 3*q = 3 + 6. What is the highest common factor of 26 and b?
13
Let d = 388 - 58. Suppose 4*y = 5*s - d, 3*y + 28 = s - 27. Calculate the greatest common divisor of 10 and s.
10
Let s = -25 - -37. Let c(k) = -k**2 + 3*k - 2. Let a be c(2). Suppose a = h - 11 - 37. What is the highest common divisor of s and h?
12
Let d be ((-56)/(-21))/((-4)/(-6)). Calculate the greatest common divisor of 20 and d.
4
Let k = 8 + 3. Let c = k - 5. Let m(o) = -o - 4. Let i be m(-10). Calculate the highest common divisor of i and c.
6
Let a be ((-7)/(-3))/(17/51). Let k = -70 - -147. What is the greatest common factor of k and a?
7
Let k(r) = r**3 + 7*r**2 + 5*r + 3. Let d be k(-6). Calculate the greatest common divisor of d and 21.
3
Let b be (-5)/(-20) + (-78)/(-8). Suppose 0 = 2*a - 7*a, 5*q - 3*a = b. What is the greatest common factor of q and 20?
2
Suppose 3 = -3*q + 5*h, -5*q = -4*h - 0*h - 8. Let j(u) = 2*u - 2. Let c be j(q). Calculate the highest common factor of c and 12.
6
Suppose 3*y = -5 + 23. Suppose -k - y = -4*k. Let z(l) = -l**3 + 3*l**2 + 2. Let v be z(3). Calculate the greatest common divisor of k and v.
2
Let x(p) = -6*p**3 - 3*p**2 + p + 2. Let y be x(-2). Calculate the highest common divisor of y and 90.
18
Let k be 186/66 + (-2)/(-11). What is the highest common divisor of k and 24?
3
Suppose 432 = 4*p + 3*z, 2*p - 3*z - 85 = 131. What is the highest common factor of p and 12?
12
Suppose -2*y = -5*f - 7, 0 = -4*y - 4*f + 5*f + 5. What is the highest common factor of